0?
26
Let s = 6 - 8. Let t = -18 - -61. Calculate the remainder when t is divided by s/6 + (-92)/(-6).
13
Suppose -19*y + 136 = -15*y. Suppose -2*r = 1 - 19. What is the remainder when y is divided by r?
7
Let g = -169 - -223. What is the remainder when 157 is divided by g?
49
Suppose 63*v + 96 = 75*v. What is the remainder when 43 is divided by v?
3
Let b(o) = -o + 6. Let y be b(4). Suppose 3*p - y*p = 12. What is the remainder when 21 is divided by p?
9
Suppose 0 = -2*j - 9 + 67. Let f be (-1)/(-2 + (0 - -3)) - -106. Suppose 124*p = 117*p + f. What is the remainder when j is divided by p?
14
What is the remainder when ((-495)/2)/5*(-470)/141 is divided by 8?
5
Suppose 23*w + 5120 = 27*w. Suppose -7*a - 293 = -w. What is the remainder when a is divided by 36?
33
Let u be 359/2 - (-3)/24*4. Suppose -2*r + 133 = r - 2*y, 4*r - u = 4*y. Calculate the remainder when 166 is divided by r.
37
Suppose 6*j - 66 = -16*j. Calculate the remainder when j is divided by (-2 - -3)*(2 - -1).
0
Let q(t) = 2*t**2 - 10*t + 14. Let w be q(4). Suppose 2*d + z = 4*d - 35, -2*d + 33 = -3*z. Let a = d - w. What is the remainder when 35 is divided by a?
11
Suppose 3*d = -6 + 21. Suppose d*o = 5*r + 360, 2*o + 6*r = 3*r + 149. Calculate the remainder when o is divided by 19.
16
Let v = -39 - -47. Suppose -5*a = -192 + 37. What is the remainder when a is divided by v?
7
Suppose -20*g + 61 = -759. Calculate the remainder when 571 is divided by g.
38
Let j = 1398 + -1311. Calculate the remainder when j is divided by 18.
15
Let l be (-5)/(-1*(-1)/(-8)). Suppose -8*x + 384 + 96 = 0. Let d = x - l. What is the remainder when 58 is divided by d?
18
Let u(v) = v**3 - v**2 + 3*v + 1. Let j be u(2). Suppose j*b = b + 70. What is the remainder when 96 is divided by b?
5
Let c(t) = -t**2 - 19*t + 5. Calculate the remainder when c(-15) is divided by 33.
32
Let a(s) = s**3 - 2*s**2 - 7*s + 13. Let v be a(6). Let o = v - 102. What is the remainder when o is divided by 6?
1
Let g(s) be the first derivative of s**4/2 - 19*s**3/3 + 11*s**2/2 - 3*s - 8. Calculate the remainder when g(9) is divided by 7.
1
Let w(q) = 2*q**2 + 13*q - 4. Let b be (-30)/(-9) - (-3 + 14/6). Calculate the remainder when w(b) is divided by 41.
39
Suppose 15*i = 16*i. Suppose 10*v - 6*v = i. Suppose 3*f = 9, v = -5*y - 5*f + 46 + 94. What is the remainder when 47 is divided by y?
22
Suppose -6 = -2*g - 2*u + 4*u, 0 = -g + 5*u + 23. Let c = -13 + 18. What is the remainder when 52/6 + g/(-6) is divided by c?
4
Suppose 1089*w = 1101*w - 660. What is the remainder when 380 is divided by w?
50
Let d(k) = -4*k**3 - k + 1. Let f = 3 - 2. Let v be d(f). Calculate the remainder when 6 is divided by v/(-5) - 24/(-20).
0
Suppose -134 = -5*f + 116. Calculate the remainder when 92 is divided by f.
42
Let l(u) be the third derivative of u**4/12 + 37*u**3/6 - 46*u**2 + 2. Calculate the remainder when 61 is divided by l(-12).
9
Let q = 10 + -10. Suppose q = 4*u - 12. Suppose -3*l + 3*g = -50 + 8, -2*g + 32 = u*l. What is the remainder when 32 is divided by l?
8
Suppose 0 = -x - 18 + 75. Let d = x + -30. Calculate the remainder when d is divided by 10.
7
Let z = -5 - -4. Let p(m) = m**3 - 18*m**2 - 11*m - 81. Calculate the remainder when p(19) is divided by (-50)/(-2) - (z - -2).
23
Suppose -5*f = 4*j - 13, -j - f - 2*f - 2 = 0. Let m be 7/(21/6) - 23. Let q = -17 - m. What is the remainder when j is divided by q?
3
Let t(b) = b**3 - b**2 - b - 23. Let r be (16/5)/4*5. Suppose 66 = 2*a - 4*m - 70, 0 = -r*a + 5*m + 287. What is the remainder when a is divided by t(4)?
15
Suppose -3*x + 2*j + 62 = 0, -j = -2*x - 2*j + 53. What is the remainder when x is divided by 15?
9
Suppose -28 = -23*p + 19*p. Calculate the remainder when p is divided by 3.
1
Suppose 7 = 2*l + 3. Let q(g) = 35*g - 4. Let h be q(4). Suppose -k = l*k, -4*k = 2*x - h. What is the remainder when x is divided by 23?
22
Suppose -17*n = -343 - 337. What is the remainder when 917 is divided by n?
37
Suppose 0 = -15*p + 68 - 8. Calculate the remainder when 196 is divided by 2 + (p/(-10) - (-1932)/30).
64
Suppose 972 = x - 584. What is the remainder when x is divided by 22?
16
Suppose -i - 2*i + 9 = 0. Let m = 28 + 54. Suppose 3*l + i*z = -2*l + 96, -5*l + 4*z + m = 0. Calculate the remainder when l is divided by 10.
8
Suppose -c - 192 = -9*c. Suppose c + 480 = 3*d. Calculate the remainder when d is divided by 43.
39
Let j(s) = 37*s**2 - 1. Let o be j(-1). Suppose -5 = 2*u - 13. Suppose u*z + 3*c - o = 0, -8 + 64 = 3*z - 5*c. Calculate the remainder when z is divided by 4.
0
Let z(j) = 4*j**2 + 39*j + 14. Calculate the remainder when z(-13) is divided by 62.
59
Suppose -37*d - 3*v = -35*d - 131, 0 = 4*d + v - 257. What is the remainder when d is divided by 34?
30
Let b be 3 - (1 + -1) - 0. Suppose b*c = q - 22, q - c - 2 = -3*c. Calculate the remainder when (-4)/(-18) + (-1324)/(-36) is divided by q.
7
Calculate the remainder when 556 is divided by ((-2)/(-10))/(10/2150).
40
Suppose -o = -6*o + 25. Calculate the remainder when 33 is divided by 22/(-55) - (-62)/o.
9
Let v = 14 - -50. What is the remainder when 191 is divided by v?
63
Let a(d) = -d**3 - 7*d**2 - 4*d + 8. Let w be a(-6). Let f be (-13)/((1*-4)/w). Let j = f + 18. Calculate the remainder when 12 is divided by j.
2
Let b = 1852 + -1777. What is the remainder when b is divided by 12?
3
Let a(t) = t**2 - 2*t - 1. Let r(y) = 8*y**2 - 2*y - 1. Let x be r(-1). What is the remainder when 4/18 + 232/x is divided by a(4)?
5
Let u be (-28)/(-8)*(-12)/(-21). Calculate the remainder when 72 is divided by (50/(-15))/(u/(-9)).
12
What is the remainder when 69 is divided by (80/(-14))/((-20)/70) + -3?
1
Suppose -5*y + 436 = 5*r + 66, 0 = r - 5*y - 98. Suppose -82 = -5*d + r. What is the remainder when d is divided by 18?
14
Let l(o) = 4*o**2 + 7. Suppose -4*m + 16 = -w, 4*w - 24 - 2 = -2*m. Calculate the remainder when l(m) is divided by 12.
11
Suppose -41*i + 28*i = -2691. Calculate the remainder when i is divided by 15.
12
Suppose 413 = 23*a - 3037. What is the remainder when a is divided by 8?
6
Calculate the remainder when 5320/(-120)*(-15)/5 is divided by 56.
21
Suppose 3*o = v - 3*v + 43, 4*v + 5*o - 81 = 0. Let q(d) be the first derivative of d**2/2 - 3*d - 32. Calculate the remainder when 21 is divided by q(v).
10
Suppose 770 = 10*h + 160. Calculate the remainder when 134 is divided by h.
12
Let t = -1376 + 1384. Calculate the remainder when 17 is divided by t.
1
Calculate the remainder when (51/68)/((-9)/(-1128)) is divided by 8.
6
Suppose -3*z + 0*z = 0. Suppose 2*t - 67 - 25 = z. Calculate the remainder when t is divided by 12.
10
Let w = 1481 + -1458. Calculate the remainder when 1424 is divided by w.
21
Suppose 7*v - 308 = 266. What is the remainder when v is divided by 14?
12
Let x be 1 - 17 - (-3 - (0 - 0)). Let h(s) = s**2 + 9*s - 49. Suppose 0 = 3*z - 5*z + 12. Calculate the remainder when z is divided by h(x).
0
Suppose 0 = -2*b - 3*b + 25. Let u be (-1)/(-2) - (-15)/10. Suppose -b*a - 57 = -2*m - m, -u*a + 102 = 4*m. What is the remainder when m is divided by 9?
6
Suppose s - 30 = -3. What is the remainder when s is divided by 8?
3
Suppose m = 2*w + 39, -4*w = -4*m + 166 - 30. Calculate the remainder when 382 is divided by m.
5
Let z(w) = w**2 + w - 2. Let f be z(-2). Let n = 8 - f. Suppose 0 = n*d - 5*d - 102. What is the remainder when d is divided by 18?
16
Let m(n) = 2*n**2 + 36*n - 202. Calculate the remainder when 41 is divided by m(5).
13
Let c = -302 - -314. What is the remainder when 24 is divided by c?
0
Suppose -4*h = -y - 54, -4*h + 52 = -14*y + 12*y. Calculate the remainder when 40 is divided by h.
12
Let i(o) = 7*o + 45. Let x be i(-5). Let z(s) = 2*s**2 - s. Calculate the remainder when 0 + (6/x)/((-4)/(-100)) is divided by z(2).
3
Suppose 5*g - 21 = 2*x, -2*g = g + 4*x - 23. Let h(d) = -d**3 + 5*d**2 + d + 2. Suppose -20*w + 89 = -11. What is the remainder when h(g) is divided by w?
2
Let w(z) = 11*z - 7. Calculate the remainder when w(6) is divided by 68/119*(-3 + 30 + 1).
11
What is the remainder when 10/(-6)*-3 - (-24 + -7) is divided by 16?
4
Let j = 42 + -8. Let l(i) = i + 348. Let s(m) = m + 116. Let f(c) = 4*l(c) - 11*s(c). What is the remainder when j is divided by f(14)?
16